 is the units digit of j + y + 3 + -4?
9
Let a(m) = -5*m + 4. Let d = 86 - 86. Let h be a(d). Suppose j = -3*c - h*j + 702, 5*j - 463 = -2*c. What is the units digit of c?
9
What is the hundreds digit of (12/18*-1)/((-1)/723)?
4
Suppose -26 = 8*g + 54. Let q be (13380/(-21))/g + (-4)/(-14). Suppose 4*m + 4 = q. What is the tens digit of m?
1
Let g(n) = -n**3 + 18*n**2 - 35*n + 54. Let s be g(16). Suppose 2*k = -3*k + 50. What is the tens digit of (s/9)/(k/345)?
2
What is the hundreds digit of -2803*(18 + 22 + -41)?
8
Suppose -5*p - 14*z = -16*z + 2829, -3*p - z = 1704. Let c = p + 1201. What is the units digit of c?
4
What is the tens digit of 6742/(1 - -1) - -5?
7
Let f(d) = d**2 + 6*d + 15 - 5*d + 8*d. Let z be f(-5). Let m = 17 + z. What is the tens digit of m?
1
Let q = -1568 - -2339. What is the units digit of -3 + 76/24 - q/(-18)?
3
Let r = 4 + 0. Suppose 4 = r*d, 7*d - 3*d = -2*n + 722. What is the units digit of n?
9
Let w = -3698 + 926. Let o = -1540 - w. What is the thousands digit of o?
1
Suppose -4972463 - 1841754 = -149*p. What is the ten thousands digit of p?
4
What is the thousands digit of -14*8/(16/(-1782))?
2
Let r(p) = -33*p - 24. Suppose -4*k - 5*o = 71 + 6, 3*o = 5*k + 50. What is the units digit of r(k)?
5
Suppose 3*b - 8393 = 11266. What is the units digit of b?
3
Suppose 0 = 4*h + n + 3905, 6*n - 5*n = -2*h - 1953. Let c = h + 1376. Suppose -12*u = -7*u - c. What is the units digit of u?
0
Let u(o) = 2*o**3 - o**2 + 1. Let i be u(-1). Let q be 48/(-4)*i/6. Suppose -q*x - 4 = -8. What is the units digit of x?
1
Let o = -1189 - -5934. What is the tens digit of o?
4
Let u(a) = -742*a - 8. Let n be u(-3). Suppose -3*f + 2771 = 5*h, 0 = -4*h + 9*f - 12*f + n. What is the hundreds digit of h?
5
Suppose 0 = 2*w + 2*h, 3*w + h = w. What is the hundreds digit of 10/25 + 4052/20 + w?
2
Let n be (0 + 190)*(-8 + 14 + -4). Suppose -15*w + 1525 = -n. What is the units digit of w?
7
Let o = -20779 + 39164. What is the thousands digit of o?
8
Let i be 29/9 - (-12)/(-54). Suppose f - v + i*v - 21 = 0, -2*f = -v - 52. Let k = f + 17. What is the units digit of k?
2
Suppose 5 + 6 = k + 3*d, -k - 2*d + 8 = 0. Let a be 2762/12 + k/(-12). Let y = a - 133. What is the tens digit of y?
9
What is the hundreds digit of 2*(12/(-26))/(40/(-555230))?
8
Suppose 169721 = 3*d - 5*r, -4*d + 341178 - 114871 = -19*r. What is the hundreds digit of d?
5
What is the units digit of (3/(-6))/(21/(-1528086)) - 12?
1
Suppose -111383 - 40160 = -137*o + 187121. What is the tens digit of o?
7
Let g = 24 + -25. What is the tens digit of (2/g - -953) + -1 + 5?
5
Suppose -5*l + 4*m = -253 - 51, l = 3*m + 52. Let j = l - -85. Suppose 0 = -4*k - 7*n + 2*n + j, -202 = -5*k - n. What is the tens digit of k?
4
Let g(c) = -c**2 + 11*c - 20. Let s be g(6). Suppose -5*a + s*a = 1300. Let t = a - 123. What is the tens digit of t?
3
Let v(h) be the third derivative of 11*h**5/60 - 5*h**4/12 - 14*h**3/3 + 4*h**2 + 21*h. What is the hundreds digit of v(-3)?
1
Suppose 41410 + 18668 = 2*r. What is the tens digit of r?
3
Suppose 4*b = 2*h - 181410, 4*h = 73*b - 76*b + 362743. What is the thousands digit of h?
0
Suppose 59994 = 3*p - 2*l, -5*p + 0*l = 4*l - 99990. What is the tens digit of p?
9
Let q = 2520 + 21. What is the tens digit of q?
4
Let d(r) = r**3 + r**2 - 1. Let i(a) = 3*a**3 + a**2 - 7. Let z(m) = -2*d(m) + i(m). Let j be z(-4). Let b = 155 + j. What is the units digit of b?
0
Let w = 66 + -12. Let g be (-6)/(35/16 + -2). Let m = g + w. What is the units digit of m?
2
Suppose y = 4*h + 13454 - 2681, -10779 = -y + 2*h. What is the hundreds digit of y?
7
Let d(w) = -w**2 - w + 14. Let l be d(3). What is the units digit of (12/42)/(l/168)?
4
Let w be 4/(-6) - (-34)/6. Suppose 5 - 30 = -w*u + 2*t, -5*u - 10 = 5*t. Suppose 0 = o - u*o + 66. What is the tens digit of o?
3
Suppose 83099 + 57957 = 32*b. What is the units digit of b?
8
Let u(t) = 117*t**3 + 6*t**2 - 19*t + 24. What is the thousands digit of u(3)?
3
Let r(c) = 281*c**2 - 86*c + 11. Let h be r(8). Suppose h = 16*p - 2997. What is the hundreds digit of p?
2
Suppose -188*y + 1182596 = -95*y + 143*y. What is the thousands digit of y?
5
Let w(r) = -r**3 - 5*r**2 + 89*r + 15. What is the hundreds digit of w(-13)?
2
Let n = -34733 - -42652. What is the tens digit of n?
1
Suppose -j + 1 = -n, j - 1 = -5*n - 0*j. Suppose 3*v - 353 - 214 = n. What is the hundreds digit of v?
1
What is the ten thousands digit of (4587670/1410)/((-1)/(-12) + 0)?
3
Let h be (-6 - -7)/((-5)/30). What is the units digit of h - -463 - (4 + 0/2)?
3
Let o(q) be the first derivative of -2 + 2/3*q**3 - 2*q**2 - 22*q. What is the tens digit of o(-8)?
3
Let h(c) be the third derivative of 5*c**4/12 + 83*c**3/6 + 2*c**2 + 127*c. What is the hundreds digit of h(16)?
2
Let o(t) = t**2 - 13*t + 32. Let q be o(10). Suppose -4*p = q*h - 476, 0*p = h + 3*p - 240. What is the units digit of h?
4
Let r = 1941 + -1382. Let d = r - -642. What is the units digit of d?
1
Let h(x) = 47*x**2 - 1455*x - 24. What is the units digit of h(-13)?
4
Suppose -t - x + 119 = 0, -611 = -5*t + 3*x - 0*x. Suppose 9*d - 3911 = t. What is the tens digit of d?
4
Let n = -6212 - -9989. What is the hundreds digit of n?
7
Let m = 25703 - 12946. What is the units digit of m?
7
Let r(k) = -k**2 + 6*k + 18. Let q be r(-5). Let p = 41 + q. What is the tens digit of (-31)/(p - (0 + 5))?
3
Let y = -32308 - -79730. What is the tens digit of y?
2
Let c = -148 - -159. Suppose c*b - 14*b + 1062 = 0. What is the tens digit of b?
5
What is the tens digit of 54*33*312/117?
5
Let v = 777 + -751. Suppose v*x = 45*x - 17290. What is the tens digit of x?
1
Suppose -3*k + 2*v + 288486 = 76449, k = -4*v + 70721. What is the tens digit of k?
8
Let p(i) = -i**3 + 4*i**2 - 5*i + 14. Let l be p(3). Suppose -l*w - 35 = -w, -5*f - 3*w = -1795. What is the units digit of f?
2
Suppose -5*c - 300 = -15*c. Suppose c = -3*d + 18*d. Let g = 61 + d. What is the units digit of g?
3
What is the ten thousands digit of 52440 + (19 - -5) + -16?
5
Suppose 0 = -2*p + 49*m - 46*m + 14, -4*p = -5*m - 26. What is the tens digit of 4*p*63/24?
4
What is the thousands digit of (24 + (-1083)/38)*((-13172)/9 - -2)?
6
Suppose q + 4*r = 2, 6*q - 2*q = 5*r + 29. What is the hundreds digit of (21/(-15))/(q/(-1230))?
2
Let h(z) = 42*z**2 - 48*z - 15. Let m be h(-8). Suppose -g + 3821 = 4*g - 4*c, 4*g = 3*c + m. What is the hundreds digit of g?
7
Suppose -5*b + 91122 = 1225*f - 1229*f, b - 3*f - 18242 = 0. What is the ten thousands digit of b?
1
Suppose 9*u + u = u + 61083. What is the hundreds digit of u?
7
Suppose -3*p - 12 = -120. Suppose -p*b - 3058 = -11338. What is the units digit of b?
0
Suppose -384 = 3*d - 3*i, 4*i - 645 = 4*d + d. Let b be (134/(-4))/(5/10). Let g = b - d. What is the tens digit of g?
6
Suppose -19*m - 616 = -11*m. Let r = 370 + m. What is the hundreds digit of r?
2
Let c(z) = -59*z - 32. What is the tens digit of c(-41)?
8
What is the thousands digit of (-448613)/(-77) + (-10)/70?
5
Let y = -1292 - -1927. Suppose 0 = -3*u + 10 + y. What is the hundreds digit of u?
2
What is the thousands digit of 80/(-16) + (4/(-8))/((-3)/55578)?
9
Let c be 2280/(-75)*(9/(-2) + 2). What is the tens digit of (93/(-12))/(-2 + 151/c)?
8
Let h = -2463 - -6687. What is the hundreds digit of h?
2
Suppose 273 = -2*b - 3*m, -5*m - 541 = b + 3*b. Let z = 259 + b. What is the units digit of z?
0
Let m be ((-1)/3)/(9/23382). Let j = 1278 + m. What is the hundreds digit of j?
4
Let k(s) = -4119*s**3 + 16*s**2 + 33*s + 8. What is the thousands digit of k(-2)?
2
Suppose 185778 - 9442 = 72*y - 125128. What is the units digit of y?
7
Suppose -3*y + 4101 + 28449 = 3*b, -4*b + y + 43415 = 0. What is the units digit of b?
3
Let m(j) = -j**3 + 2*j**2 - j - 7. Let v(b) = -b**2 + 18*b + 13. Let t be v(19). What is the hundreds digit of m(t)?
2
Let a = 819 + -569. Suppose 0 = -2*z + 1450 - a. What is the tens digit of z?
0
Let n = -421 - -232. Let a = n + 462. Suppose 5*m = -4*p + a - 3, 0 = m + 2*p - 60. What is the tens digit of m?
5
Suppose 4*j - 10565 = z, -479*z + 478*z - 13205 = -5*j. What is the units digit of j?
0
Suppose -k - 877 = -17183. What is the hundreds digit of k?
3
Let c = 11687 - 6124. What is the tens digit of c?
6
Let l(p